
-8041347
In base 14, what is -57b2 - -1455?
-435b
In base 11, what is a + 10a458?
10a467
In base 2, what is 110 - -10001000111011011110?
10001000111011100100
In base 2, what is -10111011101100 + -110010111000?
-11101110100100
In base 9, what is -3682 - -110?
-3572
In base 2, what is 1100101111 - -10000000100101?
10001101010100
In base 2, what is -1111110010111101110101100 + 101?
-1111110010111101110100111
In base 2, what is 1001 + 11111111101000100010100111?
11111111101000100010110000
In base 15, what is 1e6ce + aa?
1e789
In base 4, what is 31313 - -1000011?
1031330
In base 11, what is 1253 - -8088?
9330
In base 2, what is 10110 - -1001100100110111100101?
1001100100110111111011
In base 10, what is 81 - -7896858?
7896939
In base 7, what is -2 - -12033323?
12033321
In base 3, what is 22020 - 2022121001?
-2022021211
In base 4, what is 20302212 - 100023?
20202123
In base 8, what is 5 + -142713442?
-142713435
In base 4, what is -113212200100132 - 11?
-113212200100203
In base 12, what is -2617a3 - -97?
-261708
In base 11, what is -9332 - -15847?
7515
In base 6, what is -42534 - 433122?
-520100
In base 10, what is 6 + 673901?
673907
In base 3, what is -101210202102 + -2210?
-101210212012
In base 12, what is 438163 - 15?
43814a
In base 15, what is -179575b - -2?
-1795759
In base 4, what is -33 - 33102022010?
-33102022103
In base 13, what is -191c + 5093?
3474
In base 8, what is 0 - 77376570?
-77376570
In base 12, what is 73 - -286373?
286426
In base 3, what is 10022001202001 + 22120?
10022002001121
In base 11, what is 40961 - -441?
412a2
In base 9, what is -2777586 + 6?
-2777580
In base 7, what is 23215052 + 345?
23215430
In base 10, what is 41 + -170769?
-170728
In base 11, what is -16 - -4932224?
4932209
In base 11, what is -86a6a801 - -2?
-86a6a7aa
In base 4, what is 113222203002 + -3?
113222202333
In base 12, what is -68 - -1b8b937?
1b8b88b
In base 7, what is -2133123256 - -5?
-2133123251
In base 9, what is -87 - -168753?
168655
In base 12, what is 1 - 88a6469?
-88a6468
In base 14, what is -16a6 - -7ac?
-cd8
In base 4, what is 21 - -220031130223?
220031130310
In base 3, what is 1102001010 - -12111?
1102020121
In base 15, what is 810208 + -1?
810207
In base 14, what is 5566d + 9c?
5572b
In base 16, what is 19 - -8f487?
8f4a0
In base 16, what is b2 + -3b348?
-3b296
In base 5, what is -1321212203 + -4?
-1321212212
In base 12, what is -1196057 - -17?
-1196040
In base 16, what is -6316 + 37?
-62df
In base 15, what is 506e0d26 - 3?
506e0d23
In base 5, what is 1 + -3221412210?
-3221412204
In base 6, what is 141 + 214115154?
214115335
In base 13, what is -926ab1 + 2?
-926aac
In base 8, what is -244 - -21776?
21532
In base 14, what is -a7 + 467806?
46773d
In base 4, what is 32011 + 210100?
302111
In base 11, what is -a7 - 524a3?
-5259a
In base 8, what is -3 + -66014?
-66017
In base 16, what is 84c8 - -3d04?
c1cc
In base 9, what is -27520866 - -3?
-27520863
In base 4, what is 11032220 - -10003?
11102223
In base 14, what is 868667 + -1?
868666
In base 12, what is 3 - -7b0a5?
7b0a8
In base 8, what is -125246644 - 0?
-125246644
In base 16, what is 1a2 - 434?
-292
In base 16, what is -1ea0e + -2?
-1ea10
In base 3, what is 201100 - -10101002001?
10101210101
In base 14, what is 27428a7b - -2?
27428a7d
In base 10, what is -11873 + -2?
-11875
In base 11, what is 173 + 79142?
79305
In base 5, what is -1332244303 + -3?
-1332244311
In base 11, what is 43249 - -1334?
44582
In base 5, what is -40403 - 41344?
-132302
In base 3, what is -212100220212211 - 21?
-212100220220002
In base 2, what is 10100 + -1001011100111100100100?
-1001011100111100010000
In base 6, what is -4 + 234233441?
234233433
In base 3, what is -211010111 - 1210002?
-212220120
In base 13, what is -c27 + -144a?
-2374
In base 11, what is 481816 + -6?
481810
In base 16, what is -1aaf1a6 + 9?
-1aaf19d
In base 16, what is -1713fe - 7?
-171405
In base 5, what is 30001030433 + -31?
30001030402
In base 12, what is 2306035 - 1?
2306034
In base 11, what is -320a953 - -19?
-320a935
In base 6, what is -31354521 + -30?
-31354551
In base 10, what is 24 + 460519?
460543
In base 15, what is 28d8 - -7432?
9d1a
In base 5, what is 100344 - -1320122?
1421021
In base 5, what is 1200 - -113230020?
113231220
In base 5, what is -1042144230 + 31?
-1042144144
In base 12, what is -433a225 - -2?
-433a223
In base 14, what is -8d - b5a7?
-b656
In base 15, what is 2b + 50524d?
505279
In base 7, what is -1062 - -601?
-161
In base 12, what is -909 - -b422?
a715
In base 15, what is 444dc3 - 13?
444db0
In base 2, what is 10 - 10010110010000011010001?
-10010110010000011001111
In base 16, what is -5 - bad3b1?
-bad3b6
In base 6, what is -4 + -40502212533?
-40502212541
In base 7, what is -30245355 - -56?
-30245266
In base 14, what is a + -248b8?
-248ac
In base 3, what is 110012212201 + -1101211?
110011110220
In base 7, what is -2 + 1636154434?
1636154432
In base 4, what is -111200223 - -303?
-111133320
In base 2, what is -1001000011110101101110 + 10?
-1001000011110101101100
In base 15, what is 1b916c + -7d?
1b90de
In base 9, what is -577756 + 103?
-577653
In base 3, what is -2220012100021001 + -1?
-2220012100021002
In base 7, what is -241 - -414215?
413644
In base 3, what is -2102221000201 - 222112?
-2102222000020
In base 14, what is 169 + 35d877?
35da02
In base 4, what is -101232 - 11111331?
-11213223
In base 8, what is -3 + -1042166?
-1042171
In base 7, what is -10315206 - -31?
-10315145
In base 4, what is 0 + 2112222330223?
2112222330223
In base 10, what is -29776 + 20525?
-9251
In base 12, what is 24502b - 316?
244915
In base 4, what is 2303 - 31?
2212
In base 13, what is -6 + -1cb46405?
-1cb4640b
In base 15, what is b023e33 + 1?
b023e34
In base 7, what is -2346564105 - -4?
-2346564101
In base 3, what is -2100220 - 10201011?
-20002001
In base 2, what is -100001100001110000 + 10000110110?
-100001010000111010
In base 11, what is 9a + -2a4181?
-2a4092
In base 10, what is 2857807 + 2?
2857809
In base 3, what is -1210212202 + 21222?
-1210120210
In base 9, what is -182 + 130806?
130614
In base 12, what is -b5678 - 1918?
-b7394
In base 16, what is 2 - -99f654?
99f656
In base 12, what is -532 - -7131?
67bb
In base 8, what is -12646516 + 3?
-12646513
In base 2, what is -1010100100101011111101 - 1000001?
-1010100100101100111110
In base 9, what is -8045600 - 3?
-8045603
In base 16, what is -45ea5a + 2c?
-45ea2e
In base 5, what is 0 + 1100132144?
1100132144
In base 3, what is -1 - 101111000202102100?
-101111000202102101
In base 3, what is -111010122000 + 111002?
-111010010221
In base 10, what is -10444163 - 1?
-10444164
In base 11, what is -10829198 - 0?
-10829198
In base 4, what is 3212133 + -302330?
2303203
In base 8, what is 443675 + -100?
443575
In base 6, what is 114 + 4511343?
4511501
In base 15, what is -1 + -99b2abd?
-99b2abe
In base 15, what is 41224 - -66?
4128a
In base 7, what is 24424 - 42226?
-14502
In base 9, what is -3 - -42287584?
42287581
In base 5, what is 3 - 14000422314?
-14000422311
In base 3, what is -20220210 - 21211?
-21012121
In base 10, what is -11820820 + -2?
-11820822
In base 8, what is -770060 + -747?
-771027
In base 12, what is 14 + -607336?
-607322
In base 9, what is 1668757 + 15?
1668773
In base 6, what is -353035 + -1134?
-354213
In base 4, what is -20 + -123031013?
-123031033
In base 13, what is 386a - acc?
2a6b
In base 12, what is -18593186 + 3?
-18593183
In base 15, what is 10012bb64 + 1?
10012bb65
In base 10, what is -3 - -12527431?
12527428
In base 6, what is 2341042140 + 32?
2341042212
In base 15, what is 118d7 - 186?
11751
In base 14, what is -4c535c - -6c?
-4c52d0
In base 7, what is -4330364 - -144?
-4330220
In base 15, what is -108940 - 2?
-108942
In base 16, what is 19d - -804b?
81e8
In base 13, what is 32191 + -55?
32139
In base 14, what is -12 - -4dadba6?
4dadb94
In base 4, what is -3 + 3011332233333?
3011332233330
In base 13, what is -65c1c + 358?
-65894
In base 11, what is 2362a538 - 4?
2362a534
In base 9, what is -6 + 3808242?
3808235
In base 4, what is 1313012312 + -120?
1313012132
In base 3, what is 102 - -110100020112222?
110100020120101
In base 11, what is -3aa5a - -335?
-3a725
In base 11, what is 38024 - -83?
380a7
In base 7, what is 1060546 - -144?
1061023
In base 6, what is -310235551 + -2